?
2, 11, 89, 116867
What are the prime factors of 1270844230?
2, 5, 9533, 13331
What are the prime factors of 293459876?
2, 37, 1982837
What are the prime factors of 354698620?
2, 5, 17734931
What are the prime factors of 3522345509?
61, 57743369
List the prime factors of 24841895.
5, 13, 53, 7211
List the prime factors of 19085247.
3, 53, 13337
What are the prime factors of 1159920449?
149, 7784701
List the prime factors of 1283329578.
2, 3, 19, 439, 25643
List the prime factors of 63213048.
2, 3, 3613
What are the prime factors of 43654193?
11, 29, 281, 487
List the prime factors of 471905604.
2, 3, 1237, 10597
What are the prime factors of 665385427?
7, 197, 482513
List the prime factors of 815551082.
2, 407775541
List the prime factors of 58622192.
2, 3663887
List the prime factors of 207057964.
2, 137, 377843
What are the prime factors of 145920737?
145920737
List the prime factors of 29370630.
2, 3, 5, 97, 10093
List the prime factors of 267667464.
2, 3, 557, 20023
List the prime factors of 205736254.
2, 157, 655211
What are the prime factors of 5844807?
3, 649423
What are the prime factors of 447134711?
7121, 62791
List the prime factors of 673911067.
673911067
What are the prime factors of 529933649?
7, 75704807
What are the prime factors of 10002681?
3, 13, 17, 47, 107
List the prime factors of 3620383816.
2, 7, 23, 401551
List the prime factors of 1055482475.
5, 41, 149, 6911
What are the prime factors of 35480933?
907, 39119
List the prime factors of 563525215.
5, 11, 199, 51487
List the prime factors of 18491878.
2, 317, 29167
List the prime factors of 394574628.
2, 3, 7, 4697317
What are the prime factors of 324787033?
324787033
What are the prime factors of 401784430?
2, 5, 61, 658663
List the prime factors of 176113873.
13, 13547221
What are the prime factors of 379187287?
43, 8818309
List the prime factors of 139383595.
5, 13, 17, 31, 313
What are the prime factors of 143200232?
2, 7, 83, 30809
List the prime factors of 5863030.
2, 5, 31, 18913
List the prime factors of 54300084.
2, 3, 4525007
What are the prime factors of 329953683?
3, 109984561
What are the prime factors of 65601029?
13, 5046233
List the prime factors of 1813799276.
2, 131, 881, 3929
List the prime factors of 400185706.
2, 200092853
List the prime factors of 118338722.
2, 193, 306577
What are the prime factors of 656318097?
3, 72924233
List the prime factors of 2669216341.
11, 242656031
List the prime factors of 15824919.
3, 11, 479543
List the prime factors of 1390114693.
11, 163, 313, 2477
What are the prime factors of 1529035040?
2, 5, 13, 735113
List the prime factors of 19054389.
3, 97, 65479
List the prime factors of 50262279.
3, 16754093
List the prime factors of 9055629.
3, 11, 23, 41, 97
What are the prime factors of 90592689?
3, 11, 1049, 2617
List the prime factors of 377371247.
11, 34306477
What are the prime factors of 1246347710?
2, 5, 9631, 12941
List the prime factors of 272397764.
2, 4133, 16477
List the prime factors of 1638059258.
2, 11, 29, 2567491
List the prime factors of 3014021510.
2, 5, 2539, 118709
What are the prime factors of 2551524177?
3, 41, 761, 27259
List the prime factors of 940031165.
5, 188006233
What are the prime factors of 3160189911?
3, 1053396637
List the prime factors of 2324628321.
3, 19, 61, 103, 6491
What are the prime factors of 366788688?
2, 3, 7, 1091633
What are the prime factors of 3469373?
3469373
What are the prime factors of 12481200?
2, 3, 5, 3467
List the prime factors of 1309669230.
2, 3, 5, 43655641
What are the prime factors of 73426551?
3, 11, 202277
List the prime factors of 301937233.
13, 23225941
List the prime factors of 161679153.
3, 53893051
What are the prime factors of 1435323769?
11, 353, 373, 991
List the prime factors of 468868569.
3, 13, 47, 229, 1117
What are the prime factors of 1394813022?
2, 3, 103, 293, 7703
List the prime factors of 238066648.
2, 29758331
List the prime factors of 904254736.
2, 7, 11, 733973
What are the prime factors of 253227542?
2, 2371, 53401
What are the prime factors of 6454787?
6454787
What are the prime factors of 3176823532?
2, 17977, 44179
List the prime factors of 226542915.
3, 5, 283, 17789
List the prime factors of 186376820.
2, 5, 7, 23, 57881
List the prime factors of 263740062.
2, 3, 4127, 10651
List the prime factors of 33870736.
2, 2116921
List the prime factors of 2760081182.
2, 131, 10534661
List the prime factors of 1225743757.
7, 1093, 160207
List the prime factors of 27712434.
2, 3, 1129, 4091
List the prime factors of 32941899.
3, 3660211
List the prime factors of 66038546.
2, 7, 4717039
What are the prime factors of 102674960?
2, 5, 1283437
List the prime factors of 242055120.
2, 3, 5, 1008563
What are the prime factors of 2119421496?
2, 3, 43, 2053703
List the prime factors of 38163126.
2, 3, 181, 35141
What are the prime factors of 1578716904?
2, 3, 97, 223, 3041
List the prime factors of 67748251.
67748251
List the prime factors of 118039456.
2, 1213, 3041
List the prime factors of 9674766.
2, 3, 23, 23369
List the prime factors of 134961188.
2, 33740297
List the prime factors of 931202576.
2, 61, 15641
What are the prime factors of 94533178?
2, 43, 1099223
What are the prime factors of 1088484127?
1088484127
What are the prime factors of 660069830?
2, 5, 7, 9429569
List the prime factors of 228008564.
2, 7, 23741
List the prime factors of 1453470818.
2, 726735409
List the prime factors of 30161695.
5, 107, 56377
List the prime factors of 2242209602.
2, 23, 31, 1572377
What are the prime factors of 61296301?
11, 587, 863
List the prime factors of 1142987125.
5, 7, 47, 27793
What are the prime factors of 443308227?
3, 149, 991741
List the prime factors of 59568024.
2, 3, 163, 15227
List the prime factors of 6688280616.
2, 3, 191, 7639
List the prime factors of 345805438.
2, 11, 509, 30881
What are the prime factors of 1021744855?
5, 19, 1069, 10061
List the prime factors of 19338495.
3, 5, 11, 117203
What are the prime factors of 137911150?
2, 5, 13, 331, 641
What are the prime factors of 7785021247?
41, 97, 283, 6917
List the prime factors of 42157809.
3, 4684201
What are the prime factors of 10050390?
2, 3, 5, 7, 43, 53
What are the prime factors of 4894056520?
2, 5, 122351413
List the prime factors of 1002742994.
2, 11, 17, 37, 233, 311
What are the prime factors of 11485940?
2, 5, 574297
List the prime factors of 625722630.
2, 3, 5, 13, 19, 84443
List the prime factors of 184886705.
5, 36977341
What are the prime factors of 134138897?
1999, 67103
List the prime factors of 2982363925.
5, 1721, 69317
List the prime factors of 97119796.
2, 24279949
List the prime factors of 5257124169.
3, 11, 37, 2069, 2081
List the prime factors of 82692401.
11, 7517491
What are the prime factors of 115967901?
3, 7, 5522281
What are the prime factors of 1410396629?
2053, 686993
List the prime factors of 454634901.
3, 7, 47, 53, 2897
List the prime factors of 210819374.
2, 6151, 17137
What are the prime factors of 874606640?
2, 5, 311, 35153
What are the prime factors of 3938333517?
3, 79, 113, 49019
What are the prime factors of 389410671?
3, 13, 79, 97, 1303
What are the prime factors of 560347946?
2, 4003, 69991
What are the prime factors of 65875113?
3, 173, 1567
What are the prime factors of 614215772?
2, 31, 4953353
List the prime factors of 507949221.
3, 13, 13024339
What are the prime factors of 4636725041?
13, 37, 9639761
What are the prime factors of 442261883?
7, 63180269
List the prime factors of 36668613.
3, 19, 113, 5693
What are the prime factors of 30097880?
2, 5, 752447
List the prime factors of 155684501.
7, 22240643
List the prime factors of 75883908.
2, 3, 31, 203989
What are the prime factors of 1099603039?
1099603039
List the prime factors of 1567145996.
2, 13, 1433, 21031
List the prime factors of 243572616.
2, 3, 7, 161093
List the prime factors of 5513402134.
2, 2756701067
What are the prime factors of 862837199?
7, 643, 191699
List the prime factors of 774578352.
2, 3, 971, 16619
What are the prime factors of 59426577?
3, 7, 17, 55487
List the prime factors of 15996651.
3, 11, 19, 31, 823
List the prime factors of 56578846.
2, 19, 37, 40241
List the prime factors of 243153807.
3, 13, 6234713
List the prime factors of 37302738